= j**2 + 3*j. Calculate the remainder when b(r) is divided by h.
8
Let q be 8/(60/(-27) - -2). What is the remainder when 23 is divided by ((-4)/(-6))/((-2)/q)?
11
Calculate the remainder when 3 - (2/3)/((-18)/189) is divided by 3.
1
Let h = -30 + 42. Suppose 0 = -4*j + 81 + 151. Calculate the remainder when j is divided by h.
10
Let o = 123 - 113. Suppose v + v - 70 = 5*p, 2*p + 5*v + 57 = 0. Let u = 2 - p. Calculate the remainder when u is divided by o.
8
Suppose 4*p + 5*v - v = 100, -2*p + v + 50 = 0. What is the remainder when p is divided by 6?
1
Suppose -5*l = 5*q - 40, -4*q - 3 = -l - 15. What is the remainder when -2 + (0 - -1) - -15 is divided by q?
2
Suppose -h - 2*g + 51 = 0, -5*h + 105 = -2*g - 150. What is the remainder when 152 is divided by h?
50
Suppose 3*c + d - 93 + 23 = 0, -5*c + 114 = d. Calculate the remainder when 108 is divided by c.
20
Let v = 5 + -3. Suppose 0 = -2*n - 2*n + 4, -3*p + 134 = v*n. Calculate the remainder when p is divided by (1*-2)/((-4)/30).
14
Let d = 24 - 21. Suppose -1 = f, -6*p = -2*p - d*f - 119. Calculate the remainder when p is divided by 16.
13
What is the remainder when (-2 - (-130)/6) + 5/15 is divided by 15?
5
Suppose 2*g + 60 = 4*g. Suppose 28 = h - g. Let s = 51 + -36. What is the remainder when h is divided by s?
13
Let z = -23 + 37. What is the remainder when 39 is divided by z?
11
Let v = 3 + -1. Suppose 0 = 3*i + i - 16, -28 = -v*r - 5*i. What is the remainder when 7 is divided by r?
3
Let n = 19 - 11. What is the remainder when 12 is divided by n?
4
Let b = -1 - -1. What is the remainder when 25 is divided by 4 + (1 - b) + 2?
4
Let z(v) = -2*v**3 - 35*v**2 - 16*v + 40. Calculate the remainder when 80 is divided by z(-17).
11
Calculate the remainder when -3 - 16/(-1)*6 is divided by 24.
21
Let n be 504/81 - (-4)/(-18). Suppose -34 - 9 = -4*y - 5*z, -z = 2*y - 17. Calculate the remainder when y is divided by 2/((-2)/n*-2).
1
Suppose 3*m - 2*u - 3*u + 14 = 0, 5*m + 5*u = 30. What is the remainder when 0 + 1/m*6 is divided by (-1)/(-1 - (-3)/6)?
1
Suppose b = -3*c + 73, 2*b - 2*c = -6*c + 146. Calculate the remainder when b is divided by 15.
13
Let a(i) = -i**3 + 9*i**2 - 9*i + 6. Let u be a(6). Suppose 0 = 7*j - 3*j - u. Calculate the remainder when 44 is divided by j.
14
Suppose 0 = 23*u - u - 1012. Let j(i) = -6*i - 6. What is the remainder when u is divided by j(-5)?
22
Suppose 762 = 7*y - 1534. What is the remainder when y is divided by 30?
28
Let s(f) = f**3 - 8*f**2 + 7*f + 13. What is the remainder when 24 is divided by s(7)?
11
Suppose 0 = 2*r + 2*r + 5*j - 65, -j = 2*r - 31. What is the remainder when (-128)/(-6)*r/10 is divided by 11?
10
Let r be (-7)/5 - (-12)/30. Let l be r/((-2)/8*1). Suppose 0 = l*y + 3*h - 138, -1 = -3*y - 2*h + 103. What is the remainder when y is divided by 13?
10
What is the remainder when -1 + 0 - (-59 - -1) is divided by 15?
12
Let f(m) = -3*m + 7. Calculate the remainder when f(-7) is divided by 10.
8
Let w = 0 + 1. Suppose 8 = 3*i - w. Suppose f = -3*v + 54, -v - i*f - 3 = -21. Calculate the remainder when v is divided by 10.
8
Let p(x) = 5 - 2 - 4*x + 6*x - 2. Let a be p(1). Suppose -a*q = q - 20. What is the remainder when 12 is divided by q?
2
Let m(r) = 15*r**2 + 2*r + 3. What is the remainder when m(2) is divided by 23?
21
Let a be (-34)/(-6)*(-1 + 4). Let t be (7 - 1)*(a - 1). Let i = t + -59. Calculate the remainder when i is divided by 13.
11
Calculate the remainder when (-35)/(-7)*(-2)/(-2) is divided by 2.
1
Let q = -350 + 520. Calculate the remainder when q is divided by 43.
41
Let r be (6/8)/(2/8). Suppose -a - a + 3*y = 2, 0 = -3*a + 3*y. What is the remainder when (r/(-6))/1*-6 is divided by a?
1
Let y(j) = -j**3 - 6*j**2 - 5*j - 7. Let z be y(-6). Suppose -4*m + 25 = -z. What is the remainder when m is divided by (2 + -3)/(1/(-7))?
5
Let b = 16 + -38. Let a = b + 36. Suppose -5*c = -91 - a. Calculate the remainder when 40 is divided by c.
19
Let h = 168 + -131. What is the remainder when 143 is divided by h?
32
Suppose -217 = 3*j - 10*j. What is the remainder when 91 is divided by j?
29
Suppose 0 = 2*t + 5*w + 29, -2*w - 6 - 10 = 3*t. Let i(p) = p**2 + 8*p + 15. What is the remainder when ((-8)/t)/((-2)/(-4)) is divided by i(-6)?
2
Suppose c - y = y + 19, 3*c - 39 = -3*y. Suppose -4*b + t + 15 = 0, -14*b - 3*t - 17 = -19*b. Calculate the remainder when c is divided by b.
3
Let k = 22 + -9. What is the remainder when 24 is divided by k?
11
Let d be 12/(-42) + 30/7. Suppose d = z + 2. Let y = 4 - z. Calculate the remainder when 4 is divided by y.
0
Suppose -2*i + 3 = 1. Let q(g) = 21*g**3 - g + 1. Let s be q(i). Calculate the remainder when s/1 + 8/(-4) is divided by 7.
5
Suppose -2*v - 301 = -3*y + 3*v, 3*v - 411 = -4*y. Calculate the remainder when y is divided by 21.
18
Suppose -2*u + 65 = 3*u. What is the remainder when 38 is divided by u?
12
Suppose 0 = -2*a - 3*a + 35. Let k(m) = -m**3 + 8*m**2 - 8*m + 8. What is the remainder when 2 is divided by k(a)?
0
Suppose -3*n + 2*n = 59. Let m = -25 - n. Let z = 59 - m. What is the remainder when z is divided by 9?
7
Let r = 23 - 8. Suppose 4*s = 5*u + 39, -3*u - r = 2*u. Suppose 2*g + 12 = 32. What is the remainder when g is divided by s?
4
Suppose -8 = 8*n - 9*n. Calculate the remainder when n is divided by 3.
2
Let s(j) = -18*j + 8. Let q be s(-4). Let g = q - 49. What is the remainder when g is divided by 11?
9
Let a(x) = x**3 - 11*x**2 + 4*x. Calculate the remainder when a(11) is divided by 15.
14
Let a = 29 - 24. What is the remainder when 7 is divided by a?
2
Suppose 0 = -2*k - 5*o - 1 + 14, -3*o - 51 = -3*k. What is the remainder when 39 is divided by k?
11
Suppose -132 = 4*n + w, 6*w - w + 132 = -4*n. What is the remainder when 460/11 - 6/n is divided by 15?
12
Suppose 0*f = -5*f - 5. What is the remainder when 99 is divided by 13 - ((-3 - 0) + f)?
14
Suppose 4 = 3*i - i. Suppose 7 = i*g - 49. Let n(w) = -w**2 - 11*w + 5. What is the remainder when g is divided by n(-10)?
13
Suppose -65 = 8*t - 217. What is the remainder when 73 is divided by t?
16
Suppose -11 = 5*x - 136. What is the remainder when x is divided by (-2)/(-5)*(-1 + 36)?
11
Let s(x) = 4*x**3 - 8*x**2 + 3*x - 2. Calculate the remainder when 85 is divided by s(3).
42
Let o(d) = 2*d**3 + d + 2. Calculate the remainder when 78 is divided by o(2).
18
Calculate the remainder when (-8)/(-1) + (-21)/(-7) is divided by 2.
1
Let w(s) = s**3 - 5*s**2 - 9*s + 25. What is the remainder when 18 is divided by w(6)?
4
Let f(h) = h + 11. Let v be 4/(-6) + 10/15. Suppose 5*p + 36 = b, 4*b - 2*p - 75 = -5*p. What is the remainder when b is divided by f(v)?
10
Let l = 4 + 15. What is the remainder when l is divided by 7?
5
Suppose 3*s = 4*s - 7. Suppose 5*p - 30 = -5*t, 0*p - 4 = p - t. Let f = s + p. What is the remainder when f is divided by 5?
3
Suppose 31 = 3*x - 77. Suppose f = 2*k - 35, 5*k - 68 = -3*f + x. Calculate the remainder when 37 is divided by k.
18
Let x be 10/(((-2)/(-3))/1). Suppose -x = 4*w + 3*n, 0 = -2*w - 0*n + 3*n + 15. Let y(g) = g + 7. Calculate the remainder when 20 is divided by y(w).
6
Let n = 12 - 10. Suppose -3*c = n*c - 40. Let w(t) = 10*t + 2. Calculate the remainder when w(2) is divided by c.
6
Let d(a) = -12*a + 35. Let t(x) = -3*x + 9. Let o(y) = -2*d(y) + 9*t(y). Let j = -1 + 13. What is the remainder when o(-8) is divided by j?
11
Let d(t) = t**2 + 3*t - 1. Let y be d(-5). Suppose -6*r - y = -7*r. Calculate the remainder when 3 is divided by r + -4 - (1 + 2).
1
Suppose -3*i = -5*x + 2*x - 177, 25 = -5*x. Calculate the remainder when i is divided by 14.
12
Let r = -861 + 1329. What is the remainder when (-8)/28 - r/(-21) is divided by 6?
4
Suppose 4*g + 16 = 0, 14 - 54 = -4*u - 5*g. Suppose 7*v = 4*v + u. Calculate the remainder when (-3)/((-3)/(-7))*-2 is divided by v.
4
Let k(m) = m - 6. Let j be k(7). Suppose -3*s = -5 - j. Calculate the remainder when s is divided by 2.
0
Let s = 2 - 1. Let m(p) = 5*p**2 - p. Let c = -9 + 15. Calculate the remainder when c is divided by m(s).
2
Suppose -2*n = -6*n + 28. Calculate the remainder when 18 is divided by n.
4
Suppose 0 = 5*l - p + 6*p - 30, -3*l = -2*p - 23. What is the remainder when l is divided by 4?
3
Let j(f) = -f**3 + 12*f**2 + f - 6. Calcul